75 is divided by 1.
0
Calculate the remainder when 48 is divided by 12.
0
What is the remainder when 1469 is divided by 15?
14
What is the remainder when 181 is divided by 24?
13
What is the remainder when 5 is divided by 3?
2
Calculate the remainder when 272 is divided by 31.
24
What is the remainder when 117 is divided by 14?
5
What is the remainder when 1686 is divided by 211?
209
What is the remainder when 410 is divided by 57?
11
What is the remainder when 317 is divided by 102?
11
What is the remainder when 11923 is divided by 45?
43
Calculate the remainder when 297 is divided by 36.
9
Calculate the remainder when 2124 is divided by 30.
24
Calculate the remainder when 3380 is divided by 94.
90
Calculate the remainder when 58 is divided by 10.
8
What is the remainder when 161 is divided by 55?
51
What is the remainder when 1979 is divided by 99?
98
What is the remainder when 310 is divided by 25?
10
What is the remainder when 197 is divided by 62?
11
Calculate the remainder when 777 is divided by 157.
149
What is the remainder when 208 is divided by 39?
13
What is the remainder when 3148 is divided by 6?
4
Calculate the remainder when 30 is divided by 13.
4
What is the remainder when 126 is divided by 49?
28
What is the remainder when 446 is divided by 30?
26
What is the remainder when 1260 is divided by 28?
0
What is the remainder when 5675 is divided by 7?
5
What is the remainder when 2200 is divided by 105?
100
Calculate the remainder when 130 is divided by 124.
6
What is the remainder when 123 is divided by 27?
15
Calculate the remainder when 171 is divided by 45.
36
What is the remainder when 385 is divided by 268?
117
What is the remainder when 2347 is divided by 29?
27
What is the remainder when 1565 is divided by 63?
53
What is the remainder when 3146 is divided by 175?
171
What is the remainder when 2383 is divided by 38?
27
What is the remainder when 200 is divided by 34?
30
Calculate the remainder when 237 is divided by 4.
1
What is the remainder when 4985 is divided by 249?
5
Calculate the remainder when 27 is divided by 17.
10
What is the remainder when 232 is divided by 151?
81
Calculate the remainder when 61 is divided by 30.
1
Calculate the remainder when 639 is divided by 132.
111
Calculate the remainder when 2700 is divided by 22.
16
What is the remainder when 81 is divided by 12?
9
What is the remainder when 1492 is divided by 497?
1
What is the remainder when 165 is divided by 54?
3
What is the remainder when 322 is divided by 160?
2
What is the remainder when 552 is divided by 265?
22
What is the remainder when 48 is divided by 23?
2
What is the remainder when 156 is divided by 32?
28
Calculate the remainder when 2144 is divided by 358.
354
Calculate the remainder when 1098 is divided by 366.
0
What is the remainder when 145 is divided by 5?
0
Calculate the remainder when 68 is divided by 13.
3
What is the remainder when 2678 is divided by 20?
18
What is the remainder when 285 is divided by 22?
21
Calculate the remainder when 873 is divided by 73.
70
Calculate the remainder when 288 is divided by 75.
63
Calculate the remainder when 258 is divided by 20.
18
What is the remainder when 61 is divided by 19?
4
What is the remainder when 1453 is divided by 162?
157
What is the remainder when 74 is divided by 42?
32
Calculate the remainder when 119 is divided by 45.
29
What is the remainder when 113 is divided by 26?
9
Calculate the remainder when 599 is divided by 9.
5
Calculate the remainder when 133 is divided by 28.
21
Calculate the remainder when 30 is divided by 14.
2
What is the remainder when 78 is divided by 2?
0
What is the remainder when 2037 is divided by 509?
1
What is the remainder when 989 is divided by 99?
98
What is the remainder when 10274 is divided by 137?
136
Calculate the remainder when 230 is divided by 35.
20
Calculate the remainder when 97 is divided by 7.
6
What is the remainder when 357 is divided by 63?
42
What is the remainder when 141 is divided by 12?
9
What is the remainder when 155 is divided by 13?
12
What is the remainder when 293 is divided by 59?
57
Calculate the remainder when 336 is divided by 57.
51
What is the remainder when 677 is divided by 58?
39
What is the remainder when 687 is divided by 6?
3
Calculate the remainder when 3052 is divided by 73.
59
What is the remainder when 432 is divided by 25?
7
Calculate the remainder when 6854 is divided by 527.
3
Calculate the remainder when 225 is divided by 173.
52
What is the remainder when 37 is divided by 3?
1
What is the remainder when 148 is divided by 90?
58
What is the remainder when 84 is divided by 13?
6
What is the remainder when 2368 is divided by 1173?
22
What is the remainder when 320 is divided by 18?
14
What is the remainder when 746 is divided by 7?
4
Calculate the remainder when 1298 is divided by 50.
48
Calculate the remainder when 21 is divided by 4.
1
Calculate the remainder when 167 is divided by 40.
7
Calculate the remainder when 476 is divided by 38.
20
Calculate the remainder when 404 is divided by 80.
4
What is the remainder when 482 is divided by 27?
23
Calculate the remainder when 747 is divided by 42.
33
Calculate the remainder when 2754 is divided by 13.
11
Calculate the remainder when 40 is divided by 14.
12
Calculate the remainder when 82 is divided by 25.
7
What is the remainder when 39 is divided by 13?
0
Calculate the remainder when 10689 is divided by 324.
321
What is the remainder when 958 is divided by 31?
28
Calculate the remainder when 25 is divided by 6.
1
What is the remainder when 263 is divided by 129?
5
What is the remainder when 7 is divided by 4?
3
What is the remainder when 2614 is divided by 34?
30
Calculate the remainder when 1106 is divided by 184.
2
Calculate the remainder when 1172 is divided by 25.
22
Calculate the remainder when 1551 is divided by 126.
39
Calculate the remainder when 15076 is divided by 21.
19
What is the remainder when 408 is divided by 206?
202
Calculate the remainder when 1113 is divided by 105.
63
Calculate the remainder when 354 is divided by 12.
6
What is the remainder when 5725 is divided by 20?
5
Calculate the remainder when 3968 is divided by 159.
152
What is the remainder when 164 is divided by 21?
17
What is the remainder when 2480 is divided by 57?
29
Calculate the remainder when 53 is divided by 10.
3
What is the remainder when 262 is divided by 22?
20
Calculate the remainder when 16271 is divided by 25.
21
Calculate the remainder when 233 is divided by 34.
29
Calculate the remainder when 463 is divided by 58.
57
Calculate the remainder when 99 is divided by 50.
49
What is the remainder when 186 is divided by 50?
36
Calculate the remainder when 187 is divided by 65.
57
What is the remainder when 34 is divided by 11?
1
What is the remainder when 786 is divided by 20?
6
What is the remainder when 232 is divided by 130?
102
Calculate the remainder when 92 is divided by 80.
12
What is the remainder when 90 is divided by 66?
24
Calculate the remainder when 931 is divided by 18.
13
Calculate the remainder when 125 is divided by 72.
53
What is the remainder when 395 is divided by 33?
32
Calculate the remainder when 6386 is divided by 213.
209
Calculate the remainder when 13 is divided by 7.
6
Calculate the remainder when 918 is divided by 893.
25
Calculate the remainder when 12596 is divided by 56.
52
What is the remainder when 116 is divided by 18?
8
What is the remainder when 1234 is divided by 62?
56
What is the remainder when 121 is divided by 9?
4
Calculate the remainder when 69 is divided by 39.
30
Calculate the remainder when 23 is divided by 7.
2
What is the remainder when 270 is divided by 37?
11
Calculate the remainder when 2009 is divided by 13.
7
What is the remainder when 42 is divided by 35?
7
What is the remainder when 27164 is divided by 32?
28
What is the remainder when 29497 is divided by 86?
85
What is the remainder when 579 is divided by 128?
67
What is the remainder when 175 is divided by 88?
87
Calculate the remainder when 76 is divided by 20.
16
Calculate the remainder when 66749 is divided by 25.
24
Calculate the remainder when 107 is divided by 39.
29
What is the remainder when 699 is divided by 6?
3
Calculate the remainder when 2639 